{"id":327,"date":"2021-10-04T10:35:32","date_gmt":"2021-10-04T10:35:32","guid":{"rendered":"http:\/\/rc.gov.bd\/jss\/?page_id=327"},"modified":"2023-03-28T10:11:20","modified_gmt":"2023-03-28T10:11:20","slug":"other-researches","status":"publish","type":"page","link":"https:\/\/rc.gov.bd\/jss\/other-researches\/","title":{"rendered":"Other Researches"},"content":{"rendered":"<p>[et_pb_section fb_built=&#8221;1&#8243; _builder_version=&#8221;4.19.4&#8243; use_background_color_gradient=&#8221;on&#8221; background_color_gradient_direction=&#8221;220deg&#8221; background_color_gradient_stops=&#8221;rgba(244,135,105,0.59) 0%|rgba(80,96,170,0.53) 20%|rgba(216,207,101,0.54) 40%|rgba(163,89,168,0.47) 60%|rgba(89,153,85,0.45) 80%|rgba(237,123,147,0.46) 100%&#8221; background_color_gradient_start=&#8221;rgba(164,192,216,0.26)&#8221; background_color_gradient_end=&#8221;rgba(255,219,209,0.18)&#8221; background_enable_pattern_style=&#8221;on&#8221; background_pattern_transform=&#8221;invert&#8221; background_pattern_size=&#8221;custom&#8221; background_pattern_width=&#8221;10px&#8221; background_pattern_height=&#8221;10px&#8221; custom_margin=&#8221;0px||0px||false|false&#8221; custom_padding=&#8221;70px||70px||true|false&#8221; hover_enabled=&#8221;0&#8243; locked=&#8221;off&#8221; global_colors_info=&#8221;{}&#8221; sticky_enabled=&#8221;0&#8243;][et_pb_row custom_padding_last_edited=&#8221;on|phone&#8221; module_class=&#8221; et_pb_row_fullwidth&#8221; _builder_version=&#8221;4.19.4&#8243; background_color=&#8221;rgba(255,255,255,0.76)&#8221; width=&#8221;85%&#8221; width_tablet=&#8221;80%&#8221; width_phone=&#8221;95%&#8221; width_last_edited=&#8221;on|desktop&#8221; max_width=&#8221;95%&#8221; max_width_tablet=&#8221;80%&#8221; max_width_phone=&#8221;100%&#8221; max_width_last_edited=&#8221;on|desktop&#8221; custom_margin=&#8221;0px||0px|&#8221; custom_padding=&#8221;40px|50px|40px|50px|true|true&#8221; custom_padding_tablet=&#8221;40px|50px|40px|50px|true|true&#8221; custom_padding_phone=&#8221;20px|10px|20px|10px|true|true&#8221; border_radii=&#8221;on|10px|10px|10px|10px&#8221; border_width_all=&#8221;1px&#8221; border_color_all=&#8221;#a3a3a3&#8243; box_shadow_style=&#8221;preset6&#8243; box_shadow_blur=&#8221;80px&#8221; make_fullwidth=&#8221;on&#8221; locked=&#8221;off&#8221; global_colors_info=&#8221;{}&#8221;][et_pb_column type=&#8221;4_4&#8243; _builder_version=&#8221;4.16&#8243; custom_padding=&#8221;|||&#8221; global_colors_info=&#8221;{}&#8221; custom_padding__hover=&#8221;|||&#8221;][et_pb_text _builder_version=&#8221;4.16&#8243; _module_preset=&#8221;default&#8221; header_2_font=&#8221;Arvo|700||||on|||&#8221; header_2_text_align=&#8221;center&#8221; header_2_font_size=&#8221;40px&#8221; custom_margin=&#8221;||0px||false|false&#8221; custom_margin_tablet=&#8221;&#8221; custom_margin_phone=&#8221;||-5px||false|false&#8221; custom_margin_last_edited=&#8221;on|desktop&#8221; custom_padding=&#8221;50px||0px||false|false&#8221; custom_padding_tablet=&#8221;&#8221; custom_padding_phone=&#8221;0px||||false|false&#8221; custom_padding_last_edited=&#8221;on|phone&#8221; header_2_font_size_tablet=&#8221;&#8221; header_2_font_size_phone=&#8221;20px&#8221; header_2_font_size_last_edited=&#8221;on|phone&#8221; global_colors_info=&#8221;{}&#8221;]<\/p>\n<h2>Types of Research Works<\/h2>\n<p>[\/et_pb_text][et_pb_text _builder_version=&#8221;4.16&#8243; _module_preset=&#8221;default&#8221; text_font=&#8221;Montserrat|600|||||||&#8221; text_text_color=&#8221;#004415&#8243; text_font_size=&#8221;26px&#8221; text_orientation=&#8221;center&#8221; custom_margin=&#8221;0px||10px||false|false&#8221; custom_margin_tablet=&#8221;&#8221; custom_margin_phone=&#8221;||5px||false|false&#8221; custom_margin_last_edited=&#8221;on|desktop&#8221; custom_padding=&#8221;0px||0px||false|false&#8221; text_font_size_tablet=&#8221;&#8221; text_font_size_phone=&#8221;16px&#8221; text_font_size_last_edited=&#8221;on|phone&#8221; global_colors_info=&#8221;{}&#8221;]<\/p>\n<p>Other Researches<\/p>\n<p>[\/et_pb_text][et_pb_text _builder_version=&#8221;4.16&#8243; _module_preset=&#8221;default&#8221; text_font=&#8221;Montserrat|600|||||||&#8221; text_text_color=&#8221;#001954&#8243; text_font_size=&#8221;18px&#8221; text_line_height=&#8221;1em&#8221; text_orientation=&#8221;center&#8221; custom_margin=&#8221;0px||0px||false|false&#8221; custom_padding=&#8221;0px|13px|0px|13px|false|true&#8221; text_font_size_tablet=&#8221;&#8221; text_font_size_phone=&#8221;14px&#8221; text_font_size_last_edited=&#8221;on|phone&#8221; text_line_height_tablet=&#8221;&#8221; text_line_height_phone=&#8221;&#8221; text_line_height_last_edited=&#8221;on|desktop&#8221; global_colors_info=&#8221;{}&#8221;]<\/p>\n<p>(Examples of Different Types of Research Works)<\/p>\n<p>[\/et_pb_text][et_pb_divider color=&#8221;#669960&#8243; divider_weight=&#8221;4px&#8221; _builder_version=&#8221;4.16&#8243; _module_preset=&#8221;default&#8221; width=&#8221;16%&#8221; module_alignment=&#8221;center&#8221; custom_margin=&#8221;15px||15px||false|false&#8221; custom_margin_tablet=&#8221;&#8221; custom_margin_phone=&#8221;12px||12px||false|false&#8221; custom_margin_last_edited=&#8221;on|phone&#8221; custom_padding=&#8221;0px||0px||true|false&#8221; global_colors_info=&#8221;{}&#8221;][\/et_pb_divider][et_pb_text _builder_version=&#8221;4.16&#8243; _module_preset=&#8221;default&#8221; text_font=&#8221;Poppins||||||||&#8221; text_text_color=&#8221;#000000&#8243; text_font_size=&#8221;15px&#8221; text_orientation=&#8221;justified&#8221; custom_padding=&#8221;|70px|50px|70px|false|true&#8221; custom_padding_tablet=&#8221;&#8221; custom_padding_phone=&#8221;|20px|20px|0px|false|false&#8221; custom_padding_last_edited=&#8221;on|phone&#8221; text_font_tablet=&#8221;&#8221; text_font_phone=&#8221;Arial||||||||&#8221; text_font_last_edited=&#8221;on|phone&#8221; text_font_size_tablet=&#8221;&#8221; text_font_size_phone=&#8221;12px&#8221; text_font_size_last_edited=&#8221;on|phone&#8221; text_line_height_tablet=&#8221;&#8221; text_line_height_phone=&#8221;1.7em&#8221; text_line_height_last_edited=&#8221;on|phone&#8221; header_3_text_align_tablet=&#8221;&#8221; header_3_text_align_phone=&#8221;left&#8221; header_3_text_align_last_edited=&#8221;on|phone&#8221; header_3_font_size_tablet=&#8221;&#8221; header_3_font_size_phone=&#8221;16px&#8221; header_3_font_size_last_edited=&#8221;on|phone&#8221; global_colors_info=&#8221;{}&#8221;]<\/p>\n<h3 style=\"padding-left: 10px;\"><strong>4.1<span style=\"color: #800000; margin-left: 10px;\">Meta Analysis<\/span><\/strong><\/h3>\n<p style=\"margin-left: 50px;\">4.1.1.<span style=\"color: #000; margin-left: 10px;\">Pigott, T. D., &#038; Polanin, J. R. (2020). Methodological guidance paper: High-quality meta-analysis in a systematic review. Review of Educational Research, 90(1), 24-46.<br \/><em><span style=\"color: #000080;\"><a href=\"http:\/\/files.eric.ed.gov\/fulltext\/EJ1241940.pdf\" target=\"_blank\" rel=\"noopener noreferrer\" style=\"color: #000080;\">http:\/\/files.eric.ed.gov\/fulltext\/EJ1241940.pdf<\/a><\/span><\/em><\/span><\/p>\n<p style=\"margin-left: 50px;\">4.1.2.<span style=\"color: #000; margin-left: 10px;\">Talan, T. (2021). The effect of computer-supported collaborative learning on academic achievement: A meta-analysis study. International Journal of Education in Mathematics, Science and Technology, 9(3), 426-448.<br \/><span style=\"color: #000080;\"><em><a href=\"http:\/\/files.eric.ed.gov\/fulltext\/EJ1307772.pdf\" target=\"_blank\" rel=\"noopener noreferrer\" style=\"color: #000080;\">http:\/\/files.eric.ed.gov\/fulltext\/EJ1307772.pdf<\/a><\/em><\/span><\/span><\/p>\n<p style=\"margin-left: 50px;\">4.1.3.<span style=\"color: #000; margin-left: 10px;\">Talan, T. (2020). The Effect of Mobile Learning on Learning Performance: A Meta-Analysis Study. Educational Sciences: Theory and Practice, 20(1), 79-103.<br \/><span style=\"color: #000080;\"><em><a href=\"http:\/\/files.eric.ed.gov\/fulltext\/EJ1241462.pdf\" target=\"_blank\" rel=\"noopener noreferrer\" style=\"color: #000080;\">http:\/\/files.eric.ed.gov\/fulltext\/EJ1241462.pdf<\/a><\/em><\/span><\/span><\/p>\n<p style=\"margin-left: 50px;\">4.1.4.<span style=\"color: #000; margin-left: 10px;\">Ates, A. (2021). The relationship between parental involvement in education and academic achievement: A meta-analysis study. Pegem Journal of Education and Instruction, 11(3), 50-66.<br \/><span style=\"color: #000080;\"><em><a href=\"http:\/\/files.eric.ed.gov\/fulltext\/EJ1305014.pdf\" target=\"_blank\" rel=\"noopener noreferrer\" style=\"color: #000080;\">http:\/\/files.eric.ed.gov\/fulltext\/EJ1305014.pdf<\/a><\/em><\/span><\/span><\/p>\n<h3 style=\"padding-left: 10px; padding-top: 30px;\"><strong>4.2<span style=\"color: #800000; margin-left: 10px;\">Action Research<\/span><\/strong><\/h3>\n<p style=\"margin-left: 50px;\">4.2.1.<span style=\"color: #000; margin-left: 10px;\">Baskerville, R., &#038; Wood-Harper, A. T. (1998). Diversity in information systems action research methods. European Journal of information systems, 7(2), 90-107.<br \/><span style=\"color: #000080;\"><em><a href=\"http:\/\/www.cis.gsu.edu\/rbaskerville\/library\/offprints\/DiverseAR.pdf\" target=\"_blank\" rel=\"noopener noreferrer\" style=\"color: #000080;\">http:\/\/www.cis.gsu.edu\/rbaskerville\/library\/offprints\/DiverseAR.pdf<\/a><\/em><\/span><\/span><\/p>\n<p style=\"margin-left: 50px;\">4.2.2.<span style=\"color: #000; margin-left: 10px;\">Basham, M. J., &#038; Yankowy, B. (2015). Adding to Your Teaching Repertoire: Integrating Action Research into the Lesson Plans. Journal of Instructional Research, 4, 31-37.<br \/><span style=\"color: #000080;\"><em><a href=\"https:\/\/files.eric.ed.gov\/fulltext\/EJ1127611.pdf\" target=\"_blank\" rel=\"noopener noreferrer\" style=\"color: #000080;\">https:\/\/files.eric.ed.gov\/fulltext\/EJ1127611.pdf<\/a><\/em><\/span><\/span><\/p>\n<p style=\"margin-left: 50px;\">4.2.3.<span style=\"color: #000; margin-left: 10px;\">Bayburtlu, Y. S. (2020). Improving The Skills of Writing A Thought Paragraph In 7th Grade Students: An Action Research Study. European Journal of Education Studies.<br \/><span style=\"color: #000080;\"><em><a href=\"https:\/\/oapub.org\/edu\/index.php\/ejes\/article\/viewFile\/3070\/5707\" target=\"_blank\" rel=\"noopener noreferrer\" style=\"color: #000080;\">https:\/\/oapub.org\/edu\/index.php\/ejes\/article\/viewFile\/3070\/5707<\/a><\/em><\/span><\/span><\/p>\n<p style=\"margin-left: 50px;\">4.2.4.<span style=\"color: #000; margin-left: 10px;\">Moseki, M. M., &#038; Schulze, S. (2019). Fostering self-regulated learning of Grade 10 learners by means of participatory action research. South African Journal of Education, 39.<br \/><span style=\"color: #000080;\"><em><a href=\"https:\/\/www.ajol.info\/index.php\/saje\/article\/download\/190870\/180045\" target=\"_blank\" rel=\"noopener noreferrer\" style=\"color: #000080;\">https:\/\/www.ajol.info\/index.php\/saje\/article\/download\/190870\/180045<\/a><\/em><\/span><\/span><\/p>\n<p style=\"margin-left: 50px;\">4.2.5.<span style=\"color: #000; margin-left: 10px;\">Ko\u00e7, S. (2019). Using the Number Line and Educreations in a Second Grade Classroom: A Collaborative Action Research Project. Turkish Online Journal of Educational Technology-TOJET, 18(4), 70-77.<br \/><span style=\"color: #000080;\"><em><a href=\"https:\/\/files.eric.ed.gov\/fulltext\/EJ1232275.pdf\" target=\"_blank\" rel=\"noopener noreferrer\" style=\"color: #000080;\">https:\/\/files.eric.ed.gov\/fulltext\/EJ1232275.pdf<\/a><\/em><\/span><\/span><\/p>\n<h3 style=\"padding-left: 10px; padding-top: 30px;\"><strong>4.3<span style=\"color: #800000; margin-left: 10px;\">Reviewed Article<\/span><\/strong><\/h3>\n<p style=\"margin-left: 50px;\">4.3.1.<span style=\"color: #000; margin-left: 10px;\">Paideya, V., &#038; Bengesai, A. (2017). Academic support at the University of KwaZulu-Natal: A systematic review of peer-reviewed journal articles, 2010\u20132015. Journal of Student Affairs in Africa, 5(2), 55-74.<br \/><span style=\"color: #000080;\"><em><a href=\"http:\/\/files.eric.ed.gov\/fulltext\/EJ1164777.pdf\" target=\"_blank\" rel=\"noopener noreferrer\" style=\"color: #000080;\">http:\/\/files.eric.ed.gov\/fulltext\/EJ1164777.pdf<\/a><\/em><\/span><\/span><\/p>\n<p style=\"margin-left: 50px;\">4.3.2.<span style=\"color: #000; margin-left: 10px;\">Safapour, E., Kermanshachi, S., &#038; Taneja, P. (2019). A review of nontraditional teaching methods: Flipped classroom, gamification, case study, self-learning, and social media. Education Sciences, 9(4), 273.<br \/><span style=\"color: #000080;\"><em><a href=\"http:\/\/files.eric.ed.gov\/fulltext\/EJ1238200.pdf\" target=\"_blank\" rel=\"noopener noreferrer\" style=\"color: #000080;\">http:\/\/files.eric.ed.gov\/fulltext\/EJ1238200.pdf<\/a><\/em><\/span><\/span><\/p>\n<p style=\"margin-left: 50px;\">4.3.3.<span style=\"color: #000; margin-left: 10px;\">Winarno, N., Rusdiana, D., SUS\u0130LOWAT\u0130, E., &#038; AF\u0130FAH, R. M. A. (2020). Implementation of integrated science curriculum: a critical review of the literature. Journal for the Education of Gifted Young Scientists, 8(2), 795-817.<br \/><span style=\"color: #000080;\"><em><a href=\"http:\/\/files.eric.ed.gov\/fulltext\/ED606270.pdf\" target=\"_blank\" rel=\"noopener noreferrer\" style=\"color: #000080;\">http:\/\/files.eric.ed.gov\/fulltext\/ED606270.pdf<\/a><\/em><\/span><\/span><\/p>\n<p style=\"margin-left: 50px;\">4.3.4.<span style=\"color: #000; margin-left: 10px;\">Zhang-Wu, Q. (2018). Chinese international students\u2019 experiences in American higher education institutes: A critical review of the literature. Journal of International Students, 8(2), 1173-1197.<br \/><span style=\"color: #000080;\"><em><a href=\"http:\/\/files.eric.ed.gov\/fulltext\/EJ1180873.pdf\" target=\"_blank\" rel=\"noopener noreferrer\" style=\"color: #000080;\">http:\/\/files.eric.ed.gov\/fulltext\/EJ1180873.pdf<\/a><\/em><\/span><\/span><\/p>\n<p>[\/et_pb_text][\/et_pb_column][\/et_pb_row][\/et_pb_section]<\/p>\n","protected":false},"excerpt":{"rendered":"<p>Types of Research WorksOther Researches(Examples of Different Types of Research Works)4.1Meta Analysis 4.1.1.Pigott, T. D., &#038; Polanin, J. R. (2020). Methodological guidance paper: High-quality meta-analysis in a systematic review. Review of Educational Research, 90(1), 24-46.http:\/\/files.eric.ed.gov\/fulltext\/EJ1241940.pdf 4.1.2.Talan, T. (2021). The effect of computer-supported collaborative learning on academic achievement: A meta-analysis study. International Journal of Education in [&hellip;]<\/p>\n","protected":false},"author":1,"featured_media":0,"parent":0,"menu_order":0,"comment_status":"closed","ping_status":"closed","template":"","meta":{"_et_pb_use_builder":"on","_et_pb_old_content":"","_et_gb_content_width":"","footnotes":""},"class_list":["post-327","page","type-page","status-publish","hentry"],"_links":{"self":[{"href":"https:\/\/rc.gov.bd\/jss\/wp-json\/wp\/v2\/pages\/327","targetHints":{"allow":["GET"]}}],"collection":[{"href":"https:\/\/rc.gov.bd\/jss\/wp-json\/wp\/v2\/pages"}],"about":[{"href":"https:\/\/rc.gov.bd\/jss\/wp-json\/wp\/v2\/types\/page"}],"author":[{"embeddable":true,"href":"https:\/\/rc.gov.bd\/jss\/wp-json\/wp\/v2\/users\/1"}],"replies":[{"embeddable":true,"href":"https:\/\/rc.gov.bd\/jss\/wp-json\/wp\/v2\/comments?post=327"}],"version-history":[{"count":5,"href":"https:\/\/rc.gov.bd\/jss\/wp-json\/wp\/v2\/pages\/327\/revisions"}],"predecessor-version":[{"id":1473,"href":"https:\/\/rc.gov.bd\/jss\/wp-json\/wp\/v2\/pages\/327\/revisions\/1473"}],"wp:attachment":[{"href":"https:\/\/rc.gov.bd\/jss\/wp-json\/wp\/v2\/media?parent=327"}],"curies":[{"name":"wp","href":"https:\/\/api.w.org\/{rel}","templated":true}]}}